or of 338 and 650?
26
Calculate the highest common divisor of 2898 and 252.
126
Calculate the highest common factor of 135 and 180.
45
Calculate the highest common divisor of 1088 and 119.
17
What is the greatest common factor of 1530 and 170?
170
Calculate the greatest common divisor of 90 and 10.
10
Calculate the greatest common factor of 147 and 3381.
147
Calculate the greatest common divisor of 710 and 230.
10
Calculate the greatest common factor of 216 and 2322.
54
What is the highest common factor of 16 and 5008?
16
Calculate the greatest common divisor of 133 and 28.
7
Calculate the greatest common divisor of 114 and 38.
38
What is the greatest common factor of 741 and 156?
39
Calculate the greatest common divisor of 3794 and 42.
14
What is the highest common factor of 1590 and 30?
30
Calculate the highest common divisor of 54 and 1809.
27
Calculate the greatest common divisor of 8 and 38.
2
Calculate the greatest common factor of 805 and 1495.
115
Calculate the greatest common factor of 516 and 42.
6
Calculate the greatest common factor of 12 and 204.
12
What is the greatest common factor of 545 and 15?
5
Calculate the highest common divisor of 5 and 15.
5
Calculate the highest common divisor of 206 and 9270.
206
What is the greatest common divisor of 235 and 94?
47
What is the greatest common divisor of 296 and 3182?
74
Calculate the highest common divisor of 450 and 100.
50
What is the greatest common divisor of 117 and 17316?
117
Calculate the greatest common divisor of 58 and 8816.
58
Calculate the highest common factor of 80 and 30.
10
Calculate the greatest common divisor of 364 and 819.
91
Calculate the highest common divisor of 20734 and 28.
14
Calculate the highest common factor of 35 and 245.
35
Calculate the greatest common divisor of 879 and 9.
3
What is the highest common factor of 92 and 506?
46
Calculate the greatest common divisor of 150 and 3200.
50
What is the highest common factor of 480 and 3480?
120
Calculate the greatest common divisor of 5 and 135.
5
What is the greatest common factor of 5103 and 84?
21
Calculate the greatest common factor of 92 and 24.
4
Calculate the greatest common divisor of 19 and 95.
19
What is the highest common factor of 280 and 112?
56
Calculate the highest common factor of 532 and 196.
28
What is the highest common divisor of 357 and 42?
21
Calculate the highest common divisor of 44 and 682.
22
Calculate the highest common divisor of 105 and 70.
35
Calculate the greatest common factor of 78 and 1014.
78
What is the greatest common factor of 11264 and 132?
44
What is the greatest common divisor of 129 and 688?
43
Calculate the greatest common factor of 64 and 3104.
32
What is the greatest common divisor of 360 and 1224?
72
Calculate the highest common factor of 230 and 322.
46
Calculate the highest common factor of 160 and 6240.
160
What is the greatest common divisor of 42 and 40768?
14
What is the highest common divisor of 77 and 33?
11
What is the highest common factor of 15 and 465?
15
Calculate the greatest common divisor of 59 and 23659.
59
Calculate the highest common divisor of 33 and 528.
33
Calculate the greatest common factor of 21 and 301.
7
What is the highest common divisor of 30 and 1395?
15
Calculate the greatest common factor of 9 and 333.
9
What is the highest common factor of 64 and 8?
8
Calculate the greatest common divisor of 72 and 8.
8
What is the greatest common factor of 39 and 139620?
39
Calculate the greatest common divisor of 28426 and 244.
122
Calculate the greatest common factor of 1194 and 66.
6
Calculate the greatest common divisor of 5 and 6595.
5
Calculate the highest common divisor of 24 and 600.
24
Calculate the highest common factor of 9 and 279.
9
What is the highest common divisor of 38 and 6023?
19
Calculate the greatest common divisor of 25 and 1600.
25
Calculate the highest common divisor of 1207 and 497.
71
Calculate the highest common divisor of 8 and 1.
1
Calculate the highest common factor of 175 and 3535.
35
What is the highest common divisor of 4669 and 28?
7
Calculate the highest common factor of 240 and 70.
10
What is the greatest common factor of 228 and 4?
4
What is the greatest common factor of 98 and 441?
49
What is the greatest common factor of 250 and 130?
10
What is the greatest common factor of 30070 and 97?
97
Calculate the highest common factor of 238 and 102.
34
Calculate the highest common factor of 282 and 24.
6
What is the greatest common factor of 61 and 9211?
61
What is the greatest common factor of 4 and 862?
2
Calculate the greatest common factor of 85 and 221.
17
Calculate the highest common factor of 470 and 100.
10
What is the greatest common divisor of 2 and 9296?
2
What is the greatest common divisor of 78 and 1677?
39
Calculate the greatest common divisor of 637 and 98.
49
Calculate the greatest common factor of 200 and 120.
40
Calculate the highest common factor of 602 and 344.
86
Calculate the greatest common divisor of 396 and 36.
36
Calculate the highest common divisor of 49 and 4753.
49
Calculate the highest common factor of 18 and 1887.
3
What is the highest common divisor of 1391 and 104?
13
What is the greatest common factor of 87 and 7598?
29
Calculate the highest common divisor of 22 and 642.
2
What is the greatest common factor of 40 and 10?
10
What is the highest common factor of 7845 and 45?
15
What is the highest common divisor of 1768 and 1248?
104
What is the greatest common factor of 25 and 25?
25
What is the greatest common factor of 168 and 1302?
42
What is the highest common divisor of 7093 and 173?
173
Calculate the greatest common divisor of 414 and 40.
2
What is the greatest common divisor of 1664 and 13?
13
What is the greatest common divisor of 260 and 40?
20
Calculate the greatest common factor of 16 and 19248.
16
Calculate the highest common factor of 296 and 777.
37
Calculate the highest common factor of 109 and 46652.
109
What is the highest common divisor of 896 and 14?
14
Calculate the highest common factor of 15 and 435.
15
What is the highest common divisor of 224 and 14?
14
What is the highest common factor of 30 and 17800?
10
Calculate the highest common divisor of 81 and 351.
27
What is the greatest common divisor of 115 and 207?
23
What is the greatest common factor of 13 and 117?
13
What is the highest common divisor of 4392 and 72?
72
What is the highest common factor of 108 and 184?
4
What is the greatest common factor of 525 and 225?
75
What is the greatest common factor of 68 and 4012?
68
What is the greatest common factor of 34 and 14467?
17
What is the greatest common divisor of 639 and 9?
9
Calculate the highest common factor of 90 and 10.
10
What is the highest common factor of 28 and 917?
7
What is the greatest common factor of 554 and 3601?
277
Calculate the highest common factor of 28 and 33236.
28
What is the highest common divisor of 56905 and 19?
19
Calculate the greatest common factor of 238 and 425.
17
Calculate the greatest common divisor of 33 and 649.
11
Calculate the greatest common divisor of 116 and 145.
29
Calculate the highest common factor of 632 and 8.
8
What is the greatest common factor of 146 and 4015?
73
Calculate the greatest common factor of 1 and 8.
1
What is the highest common factor of 89655 and 215?
215
What is the greatest common factor of 25 and 555?
5
Calculate the highest common factor of 28 and 3759.
7
What is the greatest common divisor of 297 and 22?
11
Calculate the highest common divisor of 66 and 4.
2
What is the highest common factor of 138 and 46?
46
Calculate the highest common divisor of 1190 and 1360.
170
What is the highest common factor of 156 and 43836?
156
Calculate the greatest common divisor of 325 and 91.
13
What is the highest common divisor of 684 and 19?
19
What is the highest common factor of 248 and 16?
8
Calculate the greatest common divisor of 29 and 232.
29
Calculate the highest common factor of 2 and 9.
1
What is the highest common factor of 14715 and 270?
135
Calculate the greatest common divisor of 3885 and 28.
7
Calculate the highest common divisor of 826 and 378.
14
What is the greatest common factor of 374 and 68?
34
What is the highest common factor of 1660 and 100?
20
Calculate the greatest common di